14?
False
Is 795 a multiple of 15?
True
Does 3 divide 88?
False
Does 12 divide 483?
False
Does 65 divide 921?
False
Is 35553 a multiple of 75?
False
Does 126 divide 37422?
True
Is 18000 a multiple of 120?
True
Is 711 a multiple of 9?
True
Does 24 divide 1200?
True
Is 177 a multiple of 29?
False
Is 52 a factor of 6708?
True
Is 19 a factor of 1207?
False
Is 63 a multiple of 9?
True
Does 5 divide 365?
True
Does 6 divide 647?
False
Is 4769 a multiple of 26?
False
Is 40 a factor of 4868?
False
Is 49544 a multiple of 10?
False
Is 1480 a multiple of 20?
True
Is 9 a factor of 47061?
True
Is 96 a multiple of 48?
True
Is 4928 a multiple of 7?
True
Is 3828 a multiple of 33?
True
Does 38 divide 232?
False
Does 22 divide 26246?
True
Does 11 divide 1487?
False
Is 16 a factor of 128?
True
Does 14 divide 4942?
True
Does 238 divide 31178?
True
Is 11 a factor of 1254?
True
Is 274 a factor of 17536?
True
Is 1480 a multiple of 20?
True
Is 6111 a multiple of 21?
True
Is 57 a factor of 4266?
False
Is 22 a factor of 3454?
True
Is 2 a factor of 2961?
False
Does 18 divide 1289?
False
Is 228 a multiple of 12?
True
Does 13 divide 442?
True
Is 27 a factor of 297?
True
Is 25685 a multiple of 55?
True
Is 7 a factor of 209?
False
Does 11 divide 36243?
False
Does 5 divide 2964?
False
Does 13 divide 2116?
False
Is 62 a factor of 3720?
True
Is 7488 a multiple of 104?
True
Is 231 a multiple of 7?
True
Is 72087 a multiple of 18?
False
Is 2 a factor of 82?
True
Is 15351 a multiple of 129?
True
Is 233 a multiple of 7?
False
Is 25 a factor of 725?
True
Is 8979 a multiple of 15?
False
Is 896 a multiple of 24?
False
Is 75 a multiple of 15?
True
Is 9 a factor of 211?
False
Is 9 a factor of 1129?
False
Is 3 a factor of 509?
False
Is 1500 a multiple of 15?
True
Is 15264 a multiple of 17?
False
Does 120 divide 70820?
False
Does 27 divide 2700?
True
Is 767 a multiple of 5?
False
Is 201 a factor of 27155?
False
Is 34 a factor of 15726?
False
Is 6833 even?
False
Is 4 a factor of 300?
True
Is 296 a multiple of 32?
False
Is 7 a factor of 72?
False
Does 58 divide 30218?
True
Does 76 divide 886?
False
Is 14490 a multiple of 21?
True
Is 71761 a multiple of 12?
False
Is 2622 a multiple of 57?
True
Is 1903 a multiple of 84?
False
Is 406 a factor of 76734?
True
Does 3 divide 354?
True
Is 14 a factor of 1526?
True
Does 24 divide 2409?
False
Is 304 a factor of 60398?
False
Is 2546 a multiple of 38?
True
Does 25 divide 3002?
False
Is 2963 a multiple of 33?
False
Is 15 a factor of 24525?
True
Is 25 a factor of 5875?
True
Is 59 a factor of 1925?
False
Is 7 a factor of 3242?
False
Is 94 a factor of 5604?
False
Does 18 divide 857?
False
Is 124 a factor of 24056?
True
Is 33 a factor of 32538?
True
Is 2 a factor of 89?
False
Is 328 a multiple of 28?
False
Does 20 divide 27940?
True
Does 279 divide 20088?
True
Does 217 divide 15841?
True
Is 5 a factor of 91?
False
Is 2652 a multiple of 17?
True
Is 132 a multiple of 2?
True
Does 55 divide 13585?
True
Is 3555 a multiple of 23?
False
Is 10 a factor of 610?
True
Is 32 a factor of 1726?
False
Does 11 divide 17270?
True
Is 68 a factor of 2244?
True
Is 3303 a multiple of 9?
True
Is 15 a factor of 3240?
True
Is 744 a multiple of 6?
True
Does 7 divide 29074?
False
Is 110829 a multiple of 469?
False
Does 3 divide 17487?
True
Is 403 a multiple of 13?
True
Does 23 divide 259?
False
Does 80 divide 5040?
True
Is 86266 a multiple of 11?
False
Does 10 divide 67718?
False
Is 13 a factor of 859?
False
Is 2483 a multiple of 83?
False
Is 37051 a multiple of 12?
False
Is 210 a multiple of 14?
True
Is 88 a factor of 880?
True
Does 30 divide 3387?
False
Is 76 a factor of 10108?
True
Is 148 a multiple of 37?
True
Is 39 a factor of 3285?
False
Is 63 a factor of 28980?
True
Is 269 a multiple of 3?
False
Is 928 a multiple of 29?
True
Is 89 a factor of 3649?
True
Is 11742 a multiple of 121?
False
Is 177 a multiple of 50?
False
Is 5269 a multiple of 12?
False
Is 778 a multiple of 38?
False
Does 24 divide 1464?
True
Is 176 a multiple of 30?
False
Is 11102 a multiple of 7?
True
Does 17 divide 1396?
False
Is 5232 a multiple of 48?
True
Is 21 a factor of 656?
False
Is 14 a factor of 1708?
True
Does 43 divide 34469?
False
Is 53300 a multiple of 33?
False
Is 118920 a multiple of 25?
False
Is 34 a factor of 910?
False
Is 72 a factor of 539?
False
Is 5 a factor of 11635?
True
Is 87 a multiple of 3?
True
Is 38 a factor of 1330?
True
Is 59 a factor of 1652?
True
Is 39 a factor of 957?
False
Is 402 a multiple of 6?
True
Is 2868 a multiple of 6?
True
Is 60 a factor of 7636?
False
Is 14 a factor of 87779?
False
Is 15733 a multiple of 15?
False
Is 1196 a multiple of 13?
True
Is 2398 a multiple of 22?
True
Does 13 divide 37883?
False
Is 16 a factor of 47280?
True
Is 58 a factor of 247?
False
Is 40 a factor of 5160?
True
Is 4160 a multiple of 15?
False
Is 181 a factor of 18717?
False
Is 949 a multiple of 13?
True
Is 48 a multiple of 6?
True
Is 442 a multiple of 5?
False
Is 4 a factor of 320?
True
Is 76 a factor of 9424?
True
Does 2 divide 71?
False
Is 15 a factor of 5223?
False
Is 10 a factor of 160?
True
Does 18 divide 1740?
False
Is 14 a factor of 1918?
True
Is 106 a multiple of 3?
False
Is 10 a factor of 184?
False
Is 15 a factor of 3405?
True
Is 22327 a multiple of 141?
False
Is 2755 a multiple of 29?
True
Does 3 divide 254?
False
Does 3 divide 13?
False
Does 6 divide 2866?
False
Is 28560 a multiple of 204?
True
Does 184 divide 31262?
False
Is 13 a factor of 386?
False
Is 10906 a multiple of 37?
False
Does 5 divide 7910?
True
Does 15 divide 5772?
False
Does 90 divide 450?
True
Does 35 divide 65520?
True
Is 579 a multiple of 18?
False
Is 44 a factor of 21428?
True
Is 104 a factor of 56680?
True
Does 5 divide 3536?
False
Is 4051 a multiple of 9?
False
Is 42 a factor of 11256?
True
Does 122 divide 1789?
False
Is 147 a multiple of 66?
False
Does 20 divide 960?
True
Is 1994 a multiple of 46?
False
Is 3120 a multiple of 34?
False
Is 140 a factor of 15680?
True
Does 96 divide 109580?
False
Does 16 divide 24622?
False
Is 91 a multiple of 13?
True
Is 72 a factor of 20154?
False
Is 67 a factor of 2618?
False
Is 1466 a multiple of 45?
False
Is 11 a factor of 220?
True
Does 30 divide 3002?
False
Is 1323 a multiple of 27?
True
Is 3 a factor of 502?
False
Is 1204 a multiple of 11?
False
Is 77 a factor of 154?
True
Is 1078 a multiple of 23?
False
Is 221 even?
False
Is 4 a factor of 19127?
False
Is 68 a factor of 5848?
True
Is 10 a factor of 291?
False
Is 17001 a multiple of 9?
True
Does 5 divide 785?
True
Is 3491 a multiple of 116?
False
Is 21243 a multiple of 219?
True
Is 29495 a multiple of 15?
False
Does 3 divide 1180?
False
Is 10 a factor of 1000?
True
Is 11 a factor of 21225?
False
Is 1085 a multiple of 31?
True
Does 43 divide 425?
False
Is 31632 a multiple of 177?
False
Is 590 a multiple of 10?
True
Is 1987 a multiple of 7?
False
Does 5 divide 51295?
True
Is 3 a factor of 392?
False
Is 46376 a multiple of 34?
True
Is 26 a factor of 2876?
False
Does 4 divide 118?
False
Is 5007 a multiple of 19?
False
Is 31 a factor of 3813?
True
Is 224 a multiple of 56?
True
Does 54 divide 140238?
True
Does 33 divide 198?
True
Is 68 a factor of 45288?
True
Does 81 divide 132922?
False
Does 3 divide 528?
True
Is 255 a multiple of 15?
True
Does 110 divide 25126?
False
Is 3876 a multiple of 38?
True
Does 5 divide 395?
True
Is 51 a factor of 2463?
False
Does 6 divide 8?
False
Is 45 a factor of 14805?
True
Does 5 divide 41470?
True
Is 1066 a multiple of 11?
False
Does 11 divide 2907?
False
Is 13 a factor of 37206?
True
Is 49 a factor of 27074?
False
Does 6 divide 11821?
False
Is 8 a factor of 302?
False
Does 6 divide 5592?
True
Is 11 a factor of 5872?
False
Does 24 divide 5808?
True
Does 131 divide 917?
True
Is 249 a multiple of 16?
False
Does 39 divide 157877?
False
Is 1131 a multiple of 29?
True
Is 129 a factor of 1935?
True
Is 1360 a multiple of 85?
True
Does 31 divide 792?
False
Is 4706 a multiple of 36?
False
Does 22 divide 338?
False
Is 90288 a multiple of 24?
True
Is 2 a factor of 1566?
True
Does 146 divide 5624?
False
Is 37 a factor of 62678?
True
Is 657 a multiple of 73?
True
Is 2160 a multiple of 120?
True
Is 11 a factor of 2068?
True
Is 1512 a multiple of 8?
True
Does 7 divide 3374?
True
Is 50 even?
True
Does 12 d